f w(14)?
3
Let y(w) = w**2 + 6*w - 2. Let n be (7*1)/(3 - 4). Let c be y(n). Suppose -c*s + 8 = -s. What is the units digit of s?
2
Suppose 4*o + c = -o + 86, 2*c + 8 = 0. Let b be (-9)/(-6) + 2/4. Suppose -d + 2 = b*a - 5, -o = -3*a + d. What is the units digit of a?
5
Suppose -18 = -4*r - 2. Suppose -14 = 3*c - r*c. What is the units digit of c?
4
Suppose 156 = -t + 5*t. What is the tens digit of t?
3
Suppose 14 = 4*l - 2. Let y(i) = i + 3. Let f(k) = -1. Let u(q) = 6*f(q) + y(q). What is the units digit of u(l)?
1
Let w(g) = 12*g + 4. Let l be w(3). Suppose 4*t - 16 = l. What is the units digit of t?
4
Suppose 2 = 5*h - 28. What is the units digit of (-116)/(-14) + h/(-21)?
8
Let x(n) = 2*n - 3. Suppose 2*l + 5 = 5*m, -2 = m + 3*l - 4*l. Let g be x(m). What is the units digit of -3 + (1 - (-9)/g)?
1
Let v = 2 - 5. Let a = -1 - v. What is the units digit of a?
2
Suppose 0 = 2*v - 4*v + 210. What is the hundreds digit of v?
1
Let w(f) = f**2 - 4*f + 3. Let i be w(3). Let g = i + -4. What is the units digit of (6/g)/((-15)/100)?
0
What is the tens digit of (-27)/(-18)*(-248)/(-6)?
6
Let x = 34 - -3. What is the tens digit of x?
3
Let p = 3 + -1. Let f be ((-1)/p)/(-1)*-2. What is the units digit of (0 - f)*(-2)/(-2)?
1
Suppose -4*u + q = -0*q - 4, q + 2 = 2*u. Let p = 1 + u. Suppose -5*m - i = 4*i - 30, 0 = -4*m - p*i + 22. What is the units digit of m?
5
Let i(x) = -x**2 + 10*x + 2. Let f be i(10). Suppose b + f*g + 8 = -2*b, 0 = -4*b - g - 4. What is the units digit of 1 + 0/1 + b?
1
Let o(k) = k**3 + 7*k**2 - 8*k + 2. Let d be o(-8). What is the units digit of 27/d*16/12?
8
What is the units digit of (2/6)/(1 + (-798)/801)?
9
Let f(c) = -3*c**3 - 2*c**2 + 4*c. What is the tens digit of f(-3)?
5
Suppose -z - 14 = -3*p, 5*z = -0*p - p - 6. Suppose 3*j - 3*f = 8*j - 45, -4*j - p*f + 44 = 0. What is the units digit of j?
6
Let v(t) = t. Let p be v(7). Let r = 11 - p. Let a(w) = w + 4. What is the units digit of a(r)?
8
Let p(q) = -5*q**3 + q**2 + 2*q + 1. What is the units digit of p(-2)?
1
Let z = 7 - 6. Suppose x = 6 + z. What is the units digit of x?
7
Suppose 123 = 5*f - 27. Suppose 0 = -4*t - 5*z + f, 5*t = 6*z - 3*z + 19. What is the units digit of t?
5
Suppose 0 = 5*j - 3*j - 36. What is the units digit of j?
8
Let l = -20 - -29. What is the units digit of l?
9
Suppose -2 = w - 2*w. Let i = 3 + -4. What is the units digit of (9/3)/(i + w)?
3
Let c(g) = -7*g**3 + 2*g**2 + 5*g + 4. What is the tens digit of c(-2)?
5
Let t = 10 + -6. Let m(j) = j**3 - 4*j**2 + 2*j - 1. Let w(c) = c**3 - 4*c**2 + c. Let y(l) = 4*m(l) - 5*w(l). What is the units digit of y(t)?
8
Let z(s) = 12*s**3 - s**2 + s - 1. What is the tens digit of z(1)?
1
Suppose 4*d - 70 - 110 = 0. What is the units digit of d?
5
Let d(u) = -7 + u + 3 - u + 3*u. What is the units digit of d(3)?
5
Let b(z) be the first derivative of z**2 + 3*z - 2. What is the units digit of b(3)?
9
Suppose -p + 3 = 0, 2*n = 4*n + 2*p - 6. Suppose 2*v + 3*v - 95 = n. What is the units digit of v?
9
Suppose -p = -6*p - 4*c - 3, 3*p + 24 = 5*c. Let m = 19 - 28. Let g = p - m. What is the units digit of g?
6
Let u = -16 - -54. What is the units digit of u?
8
Let l(m) = -m**2 - 10*m + 16. What is the units digit of l(-9)?
5
Let p(j) be the third derivative of -j**5/60 - j**4/6 - 2*j**3/3 + 2*j**2. Let y be p(-3). Let r(c) = 12*c**2 + 1. What is the units digit of r(y)?
3
Suppose t + 9 = 4*k - 11, -2*t = -5*k + 28. Suppose 2*i = -2*i + k. Let v = i - -6. What is the units digit of v?
7
Suppose 2*b + 494 = 3*a - 2*b, 3*a + 2*b - 482 = 0. What is the units digit of a?
2
Let d(j) = -2*j**3 - 2*j**2 + 5*j - 5. What is the units digit of d(-3)?
6
Let w = -3 - 1. Let y(m) = 3*m**2 + 2*m + 5. What is the units digit of y(w)?
5
Let n(m) = m + 1. Let x be n(-3). Let i be (4/(-6))/(x/6). Suppose -4*k - 2*z + 13 = -17, i*k = z + 9. What is the units digit of k?
6
Suppose 0 = -4*t + 4*j + 35 + 45, -4*t + 3*j + 80 = 0. What is the units digit of t?
0
Suppose a + 6 + 2 = 0. Let r = a + 19. What is the units digit of r?
1
Suppose -2*k = -3*k + 3. What is the units digit of k?
3
Suppose 3*m + z + 0 = 1, 4*m = -5*z - 17. Suppose 0 = -m*t - 63 - 11. Let w = 52 + t. What is the tens digit of w?
1
Suppose -4*a + 18*a - 1890 = 0. What is the tens digit of a?
3
Let s(v) = 11*v - 3. What is the units digit of s(1)?
8
Let o(l) = -2*l - 2. Let f(v) = -2*v - 3. Let c(x) = 5*f(x) - 6*o(x). What is the units digit of c(8)?
3
Suppose -4*x + 170 = -134. What is the tens digit of x?
7
Suppose -2 = 2*t - t, -2*a - 3*t = -2. Suppose -a*v = q - 0*v + 2, 5*q - 7 = -3*v. Suppose 2*k - 4*l = -2*l + 10, -q*l + 32 = 5*k. What is the units digit of k?
6
What is the tens digit of (-278)/(-8) - (-3)/12?
3
Let x = 11 + -3. Suppose -3*a + x = a. What is the units digit of a?
2
Let t(s) = -s**3 + 4*s**2 + 1. Let x be t(4). Let w(c) = c - 4. Let j be w(7). Suppose j = q - x. What is the units digit of q?
4
Let z(t) = -15*t**2 - 15*t. Let k(x) = x. Let a(q) = -15*k(q) - z(q). What is the units digit of a(1)?
5
What is the units digit of (-5 - -18)*(-4)/(-2)?
6
Let u(l) = l**2 + 6*l + 3. Let a be u(-2). What is the tens digit of 267/15 + (-1)/a?
1
Suppose 8 = -4*p - 4. Let r be (1/p)/(2/(-18)). Let z(h) = h**3 - 3*h**2 + 2*h - 2. What is the units digit of z(r)?
4
Let k be 8/((3 - -1)/24). What is the tens digit of (k/(-14))/(10/(-70))?
2
Suppose -25 = -4*m - 5. Suppose -m*d = -10*d + 10. Suppose 2*n + d*q = 18, -4*n + q + 21 = n. What is the units digit of n?
5
Suppose c + 68 - 383 = 0. What is the tens digit of c?
1
Let j = -186 + 77. Let q = -27 - j. Suppose -7 = -2*u - 5*l + 1, 0 = 5*u - 3*l - q. What is the units digit of u?
4
Let v be ((-1)/(-2))/((-7)/(-70)). Suppose p - 4*o - 3 = 0, -v*p = 3*o - 17 - 44. What is the units digit of p?
1
Suppose 4*h = -4*l + 37 + 83, -51 = -2*h + l. Suppose f + 6*b - 2*b - 19 = 0, -3*b - h = -3*f. What is the units digit of f?
1
Suppose 9*h - 12*h + 159 = 0. What is the units digit of h?
3
Let k(y) = 8*y**2 + y - 6. What is the tens digit of k(-5)?
8
Suppose 0*b = -4*b + 228. What is the tens digit of b?
5
Let v(c) = c**2 - c**3 - 3*c**3 + c + 3*c**3 + 1. Let o = -14 + 13. What is the units digit of v(o)?
2
Suppose 6*l - 585 = 3*l. What is the tens digit of l?
9
What is the hundreds digit of 6/(0 - (-9)/354)?
2
Let a(m) = -m + 2. Suppose 25 = 5*v - 4*g - g, 5*g + 5 = 0. Let k be a(v). What is the units digit of 22/(-8)*2*k?
1
Let b(k) = k**2 + 6*k - 6. Let f(r) = -4*r - 4. Let j be f(-4). Let v be (-92)/j - (-2)/3. What is the units digit of b(v)?
1
Let p(x) be the third derivative of -x**5/60 - 7*x**4/24 - x**3/6 - 2*x**2. What is the units digit of p(-5)?
9
Let b(u) = -12 + 12 + 11*u**2. What is the units digit of b(-1)?
1
Suppose -5*m = -3*m - 6. Suppose 4*l - 11 = k + 3, l = 3*k - 13. What is the units digit of k/m + -3 + 3?
2
Let k(y) = -9*y - 5. What is the units digit of k(-3)?
2
Suppose k = 2*v, 0*v - 5*v - 6 = -4*k. Suppose -4*j = -v*j - 30. What is the units digit of (j + 3 + -1)*1?
7
Suppose -7*q - 221 = -2*k - 2*q, 5*k = -5*q + 535. What is the hundreds digit of k?
1
Let r = 0 + 2. Suppose 0 = -r*b - 6 - 0. What is the units digit of b*3/(-18)*2?
1
Let o = -24 - -89. What is the tens digit of o?
6
Let x = 70 - 65. What is the units digit of x?
5
Let k(p) be the first derivative of -3*p**2/2 - 7*p + 6. What is the units digit of k(-4)?
5
Let m(x) = 2*x**3 - 7*x**2 + x + 6. What is the units digit of m(5)?
6
Suppose 130 = -2*j + 7*j. Suppose 0 = y + 6 - j. Suppose -3*c - 12 = -2*z - 42, -2*c + 5*z + y = 0. What is the units digit of c?
0
Let k = 7 + -10. Let y = k - -7. Suppose -y*l + 10 = -2*r - 8, -3 = -5*l - 4*r. What is the units digit of l?
3
Suppose -3*h = -a - 4 - 8, 4*a + 6 = -2*h. Let z = 6 + a. What is the units digit of z?
3
Suppose -2*n = 8*n - 110. What is the units digit of n?
1
Let o be ((-1)/3)/((-3)/108). Suppose 4*j + l = 27, 5*l - o - 4 = -3*j. What is the units digit of j?
7
Suppose 2*x - 6 = 4*x. Let c(v) = -v**3 - v**2 + 3*v + 4. What is the units digit of c(x)?
3
Let c(z) = 13*z**2 - 19*z - 5. Let b(h) = 7*h**2 - 10*h - 2. Let q = -19 - -8. Let d(p) = q*b(p) + 6*c(p). What is the units digit of d(6)?
4
Let i(r) = -7*r - 5. Let c(f) = 8*f + 4. Let g(d) = 6*c(d) + 5*i(d). Let j 